t is the tens digit of 516434?
3
What is the units digit of 7103023?
3
What is the thousands digit of 426401?
6
What is the tens digit of 428109?
0
What is the hundreds digit of 144525?
5
What is the tens digit of 4424522?
2
What is the tens digit of 257651?
5
What is the hundreds digit of 864667?
6
What is the tens digit of 404477?
7
What is the ten thousands digit of 15803844?
0
What is the thousands digit of 433285?
3
What is the ten thousands digit of 6257180?
5
What is the tens digit of 56579?
7
What is the thousands digit of 3325357?
5
What is the units digit of 887197?
7
What is the thousands digit of 152770?
2
What is the units digit of 86912?
2
What is the thousands digit of 42981?
2
What is the tens digit of 5456767?
6
What is the millions digit of 27802149?
7
What is the tens digit of 4788438?
3
What is the ten thousands digit of 2366537?
6
What is the tens digit of 13000810?
1
What is the ten thousands digit of 178391?
7
What is the thousands digit of 198006?
8
What is the hundred thousands digit of 7309908?
3
What is the units digit of 30909320?
0
What is the hundred thousands digit of 3926555?
9
What is the units digit of 248507?
7
What is the hundreds digit of 881988?
9
What is the millions digit of 31487389?
1
What is the units digit of 16980818?
8
What is the hundred thousands digit of 26641554?
6
What is the units digit of 394329?
9
What is the tens digit of 603477?
7
What is the hundreds digit of 10364478?
4
What is the hundred thousands digit of 230446?
2
What is the hundreds digit of 8284061?
0
What is the units digit of 1831371?
1
What is the units digit of 1030493?
3
What is the hundreds digit of 647403?
4
What is the hundreds digit of 15645455?
4
What is the hundreds digit of 3524136?
1
What is the ten thousands digit of 1464479?
6
What is the thousands digit of 2707259?
7
What is the tens digit of 444273?
7
What is the units digit of 291208?
8
What is the hundred thousands digit of 1691514?
6
What is the thousands digit of 11255985?
5
What is the units digit of 1075337?
7
What is the hundreds digit of 98600?
6
What is the tens digit of 618934?
3
What is the hundreds digit of 1210238?
2
What is the units digit of 378808?
8
What is the ten thousands digit of 220611?
2
What is the ten millions digit of 15157018?
1
What is the hundred thousands digit of 9342605?
3
What is the hundred thousands digit of 18260648?
2
What is the millions digit of 12832896?
2
What is the millions digit of 2833933?
2
What is the thousands digit of 428481?
8
What is the thousands digit of 8239291?
9
What is the ten millions digit of 16226333?
1
What is the millions digit of 2191467?
2
What is the ten thousands digit of 11226104?
2
What is the hundreds digit of 11189167?
1
What is the ten thousands digit of 8314474?
1
What is the units digit of 80688?
8
What is the millions digit of 2318006?
2
What is the ten thousands digit of 1185513?
8
What is the hundred thousands digit of 180132?
1
What is the ten thousands digit of 868583?
6
What is the hundred thousands digit of 4354142?
3
What is the ten thousands digit of 7289787?
8
What is the units digit of 3990606?
6
What is the hundred thousands digit of 1183270?
1
What is the hundreds digit of 183226?
2
What is the hundred thousands digit of 176442?
1
What is the hundreds digit of 2422450?
4
What is the units digit of 7471736?
6
What is the units digit of 839132?
2
What is the tens digit of 413135?
3
What is the hundreds digit of 32600499?
4
What is the thousands digit of 1714608?
4
What is the units digit of 8972118?
8
What is the units digit of 280485?
5
What is the tens digit of 352070?
7
What is the thousands digit of 210794?
0
What is the hundred thousands digit of 1040185?
0
What is the thousands digit of 2966105?
6
What is the hundreds digit of 311611?
6
What is the thousands digit of 433224?
3
What is the thousands digit of 8705503?
5
What is the thousands digit of 14880?
4
What is the millions digit of 31390732?
1
What is the ten thousands digit of 3452872?
5
What is the tens digit of 6615255?
5
What is the thousands digit of 285992?
5
What is the ten thousands digit of 13397924?
9
What is the tens digit of 38400?
0
What is the hundred thousands digit of 3877051?
8
What is the units digit of 6244842?
2
What is the tens digit of 275804?
0
What is the ten thousands digit of 1697374?
9
What is the hundreds digit of 3329357?
3
What is the tens digit of 3534780?
8
What is the tens digit of 41321483?
8
What is the units digit of 639201?
1
What is the units digit of 1412846?
6
What is the tens digit of 608407?
0
What is the hundreds digit of 370792?
7
What is the ten thousands digit of 1824378?
2
What is the ten thousands digit of 4437278?
3
What is the hundred thousands digit of 316001?
3
What is the hundreds digit of 1572363?
3
What is the tens digit of 140858?
5
What is the hundred thousands digit of 249317?
2
What is the ten thousands digit of 75948?
7
What is the units digit of 14449186?
6
What is the hundred thousands digit of 579653?
5
What is the ten millions digit of 21129103?
2
What is the ten thousands digit of 32997059?
9
What is the units digit of 858052?
2
What is the hundred thousands digit of 323379?
3
What is the hundreds digit of 301894?
8
What is the hundreds digit of 8515949?
9
What is the hundred thousands digit of 4453549?
4
What is the hundreds digit of 9119835?
8
What is the ten thousands digit of 262665?
6
What is the millions digit of 9541446?
9
What is the ten thousands digit of 17603?
1
What is the millions digit of 17394163?
7
What is the ten thousands digit of 89826?
8
What is the hundreds digit of 1912109?
1
What is the ten thousands digit of 164018?
6
What is the hundreds digit of 778761?
7
What is the hundreds digit of 94448?
4
What is the units digit of 59689?
9
What is the hundreds digit of 200357?
3
What is the hundreds digit of 6573574?
5
What is the units digit of 703777?
7
What is the ten thousands digit of 9305738?
0
What is the units digit of 6225378?
8
What is the hundred thousands digit of 285110?
2
What is the units digit of 4508367?
7
What is the ten thousands digit of 5891491?
9
What is the tens digit of 2018930?
3
What is the thousands digit of 1887067?
7
What is the units digit of 168284?
4
What is the thousands digit of 483044?
3
What is the ten millions digit of 12804797?
1
What is the units digit of 263143?
3
What is the ten thousands digit of 200373?
0
What is the hundreds digit of 481427?
4
What is the ten thousands digit of 233625?
3
What is the hundred thousands digit of 133667?
1
What is the millions digit of 1589308?
1
What is the ten thousands digit of 179170?
7
What is the thousands digit of 795623?
5
What is the hundred thousands digit of 1887333?
8
What is the units digit of 1278138?
8
What is the hundreds digit of 232840?
8
What is the hundreds digit of 1515682?
6
What is the units digit of 7166044?
4
What is the hundreds digit of 20768908?
9
What is the tens digit of 37924750?
5
What is the ten millions digit of 10468965?
1
What is the hundred thousands digit of 263601?
2
What is the hundreds digit of 5270531?
5
What is the thousands digit of 1015621?
5
What is the tens digit of 91315?
1
What is the units digit of 525228?
8
What is the thousands digit of 211440?
1
What is the units digit of 14868124?
4
What is the millions digit of 1660053?
1
What is the units digit of 299514?
4
What is the hundreds digit of 1451545?
5
What is the hundreds digit of 800301?
3
What is the units digit of 324146?
6
What is the hundreds digit of 140660?
6
What is the thousands digit of 122124?
2
What is the thousands digit of 65305?
5
What is the thousands digit of 272552?
2
What is the thousands digit of 1013367?
3
What is the ten thousands digit of 9844408?
4
What is the thousands digit of 1176847?
6
What is the hundreds digit of 6987229?
2
What is the ten thousands digit of 7717258?
1
What is the hundreds digit of 57240?
2
What is the units digit of 1983717?
7
What is the tens digit of 1631886?
8
What is the ten thousands digit of 13659304?
5
What is the hundreds digit of 23478?
4
What is the thousands digit of 1447490?
7
What is the units digit of 162776?
6
What is the hundreds digit of 1594441?
4
What is the hundred thousands digit of 8673857?
6
W